441. Give r(g).
0
Let d(t) be the second derivative of 53*t**3/6 - 27*t**2 + 41*t + 25. Give d(1).
-1
Let y(d) = -14*d**2 - 23*d + 31. Let o(u) = -13*u**2 - 26*u + 20. Let z(m) = -3*o(m) + 2*y(m). What is z(-3)?
5
Let j(p) be the first derivative of -7*p**4/4 - 9*p**3 + 3*p**2/2 + p - 36. Let n(h) = 10*h**3 + 40*h**2 - 6*h - 2. Let x(v) = 7*j(v) + 5*n(v). Give x(-12).
-39
Let z(v) be the second derivative of v**4/12 - 7*v**3/6 + 2*v**2 + 32*v + 10. Calculate z(7).
4
Let z(v) = v**2 + 21*v - 27. Let y be z(17). Let g = -625 + y. Let f(q) = q**2 + 2*q - 18. Determine f(g).
6
Suppose -5*y + 148 = 2*t + 176, 0 = 3*t + 3*y + 6. Let n(k) = -k**3 + 6*k**2 - k + 24. Determine n(t).
18
Let g(j) = 38*j**2 + 2*j**3 + 6*j - j - 26*j**2 - 2*j**2 + 2. Calculate g(-4).
14
Let x(b) = 30*b**2 - 224 + b**3 + 247*b + 115 - 219*b + 119 + 0*b**3. Calculate x(-29).
39
Let g(j) be the third derivative of j**2 + 1/2*j**3 + 0 - 85*j + 1/4*j**4 + 1/60*j**5. Give g(-8).
19
Let m(a) = a**2 - 5*a - 3. Suppose -25*n + 23*n + 276 = 0. Let b be 60/(-105) - n/(-21). Give m(b).
3
Let i(q) = 3*q. Let p(h) = 3*h + 4. Let r(j) = -14*j - 18. Let d(v) = -9*p(v) - 2*r(v). Let z(l) = 18*d(l) - 5*i(l). Give z(3).
9
Let g(t) be the third derivative of t**6/120 + 23*t**5/60 + 5*t**4/2 - t**3/6 - 9799*t**2. Determine g(-20).
-1
Let t(q) be the first derivative of q**4/4 + 5*q**3/3 - 17*q**2/2 + 3634. Determine t(-7).
21
Let r(o) be the third derivative of o**6/60 + o**5/4 + o**4/3 + 11*o**3/6 - 74*o**2 - 2*o + 15. Calculate r(-7).
4
Let x(h) = -35*h + 14*h + 9*h + 15*h - 4. What is x(6)?
14
Let l(f) = -4*f**3 - f**2 + f + 2. Suppose 4*k + 5 = -5*y + 5*k, 4 = -4*y - 3*k. What is l(y)?
4
Suppose 3877 = 137*h + 1 - 3248. Let d(u) = -u**3 + 47*u**2 + 261*u - 58. Determine d(h).
-6
Let k = -1849 - -1869. Let w be -1 + 0 + 5 + 0. Let f(y) = 5 - 21*y**3 + 4*y**2 + k*y**3 - y - w + 1. Give f(4).
-2
Let v(f) = -45. Let h(k) = k - 25. Let m(q) = -7*h(q) + 4*v(q). Give m(-6).
37
Suppose -5*g + 11 - 36 = 0. Let l(f) = -2541*f**2 + 4 - 2 + 4948*f**2 - 2402*f**2 + f**3 + f. What is l(g)?
-3
Suppose 5*u = -4*c - 7, 2*c - 10*u + 11*u - 1 = 0. Let w(p) = -11*p**3 - 4*p**2 + 4*p - 4. Let m(h) = -2*h**3 - h**2 + h. Let t(b) = 6*m(b) - w(b). Give t(c).
-8
Suppose -518 + 428 = -18*h. Let v(k) = 4*k**3 - 19*k**2 - 3*k. Determine v(h).
10
Suppose -286 = -12*c + 14*c. Let u = 142 + c. Let k be 11 + u/((-1)/(-5)). Let l(h) = h - 12. Calculate l(k).
-6
Suppose 0 = 2*x + 4*z + 12, 5*x + 2 = -z - 2*z. Let n(o) = -9*o - 5. Determine n(x).
-23
Let j be ((-221117)/365)/(2/(-10)). Let s(z) = -z - z + 1512 + 1523 - j. Let g = -4 - -8. Determine s(g).
-2
Let u(z) = -z + 48. Let b be u(23). Let d(y) = y**2 - 27*y + 57. Let r be d(b). Let k(i) = -i**3 + 6*i**2 + 5*i + 8. Determine k(r).
-6
Let q(y) = -y**3 + 2*y. Let w = 9 - 8. Suppose -35*u + 79 + 61 = 0. Let x be w*u/(-6)*6/2. Calculate q(x).
4
Let i(s) be the first derivative of s**4/4 - 2*s**3/3 + 2*s**2 + 4*s - 821. Give i(0).
4
Let y(w) be the first derivative of -1/3*w**3 + 4*w - 1/2*w**2 + 3. Suppose 735 = -130*p + 85. Determine y(p).
-16
Let o(i) = 39*i - 78 + 133*i - 167*i. Determine o(16).
2
Let c = -70 + 118. Let a(q) = -c + 99 - q**3 - 52 - 4*q + 7*q**2. What is a(6)?
11
Let k(g) = -99*g + 4. Let c(r) = -18*r + 1. Let s(i) = -6*c(i) + k(i). Suppose 0 = -3*m + 7*m + 8. Give s(m).
-20
Let i(z) = z**3 - 6*z**2 - 16*z. Let y(o) = -o**2 - 92*o - 1147. Let p be y(-15). Give i(p).
0
Let v(x) = 81*x**2 - 114*x - 747. Let z(y) = -5*y**2 + 7*y + 45. Let l(f) = 2*v(f) + 33*z(f). What is l(6)?
-99
Let o(t) = -t**3 + 7*t**2 - 4*t + 34. Suppose 9*p - 50 = 13. Let f be o(p). Let x(g) = g**3 - 5*g**2 - 7*g + 4. Give x(f).
-2
Let h(r) = 2*r**3 - 9*r**2 + 18*r - 4. Let m be h(3). Let k(t) = 2*t**2 - 47*t + 32. Give k(m).
9
Let y(i) = -i - 4. Suppose -4*t = -t - 5*q - 23, -3*q = -4*t + 38. Let w be 12/(-2)*t/(-22). Suppose -n - 2 = -0*n - 2*x, 4*n = w*x - 8. Calculate y(n).
-2
Let a(t) = -t**2 + 14*t + 78. Let y be -8 - (63/(-9)*2 - -10). Calculate a(y).
6
Let k(c) = -c**3 - 9*c**2 - 13*c - 7. Let b be 7/(-1)*(-49 + 50). What is k(b)?
-14
Let l(y) = -y - 55. Let v be l(-51). Let r(g) = 14*g + 30. What is r(v)?
-26
Let r(y) be the first derivative of y**3/3 - 4*y**2 + 828. Determine r(10).
20
Let i(n) be the second derivative of -n**4/4 + 29*n**3/6 + n**2/2 - 1445*n. Give i(10).
-9
Let a(j) be the first derivative of 7*j**4/24 - 5*j**3/6 - j**2 + 30*j - 41. Let c(p) be the second derivative of a(p). Determine c(5).
30
Let h(b) = 5*b - 37. Let n(t) = -t + 7. Suppose 5*c + 41 = -14. Let u(m) = c*n(m) - 2*h(m). Give u(-7).
-10
Let r = 6140 - 6135. Let d(v) be the third derivative of 1/3*v**3 + 22*v**2 + 0 + 1/60*v**r + 1/4*v**4 + 0*v. Give d(-6).
2
Let f be 9/(-3)*(1 - (-1 + -1)). Let z(d) = d**3 + 10*d**2 + 7*d - 12. Let a be z(f). Suppose -4*w = -10 - a. Let x(l) = l**2 - 5*l - 3. Determine x(w).
-7
Let p(g) be the first derivative of g**3/3 + 5*g**2 - 2*g + 538. Determine p(-9).
-11
Let s(m) = m**2 - 37*m + 83. Let w(i) = 3*i**2 - 75*i + 167. Let g(d) = -5*s(d) + 2*w(d). Determine g(-37).
-7
Let n(s) be the third derivative of -s**6/120 + 11*s**5/60 + 3*s**4/8 + 25*s**3/6 - 9*s**2 + 143. Calculate n(12).
-11
Let w(b) be the first derivative of -b**5/60 - b**4/24 + b**3/2 - 17*b**2/2 - b - 33. Let y(t) be the second derivative of w(t). What is y(-3)?
-3
Let r(x) = 93*x - 981. Let v(y) = -282*y + 2913. Let w(b) = -7*r(b) - 2*v(b). Calculate w(12).
-3
Suppose 0 = -20*p + 19*p + 3. Let v(y) = y**2 + 929*y - 2*y**p + 1 + 0*y**2 - 929*y. Determine v(2).
-11
Let o = -37 - -52. Let r(n) = 13547*n + 17*n**2 - 32 - n**2 - n**3 - 27084*n + 13524*n. Determine r(o).
-2
Let i(a) = -2*a**2 - 6*a - 3. Suppose 2*f + 312 = 3*t, 10*t - 15*t - 4*f = -520. Let o = t - 108. Determine i(o).
-11
Suppose 52*b + 329 = 537. Let x(n) = -2*n**2 - 5. What is x(b)?
-37
Suppose 0*h + h = 52. Let p = h + -46. Suppose u = 2*m - 2, -2*u + 5*m - 3*m - p = 0. Let y(l) = 2*l - 5. Calculate y(u).
-13
Let g(f) be the second derivative of -64*f + 0 - 1/2*f**3 - 1/2*f**2. What is g(-1)?
2
Suppose 296*k + 59 = 1615*k - 11812. Let w(x) = -x**2 + 12*x + 9. Let t(b) = -2*b**2 + 25*b + 19. Let n(p) = 3*t(p) - 7*w(p). Give n(k).
-6
Let i(x) = 8*x**3 + 22*x**2 + 12*x - 2. Let k(o) = -21*o**3 - 62*o**2 - 36*o + 6. Let w(a) = -8*i(a) - 3*k(a). What is w(11)?
9
Let y be 2 + 11 + -6 + -119. Let t = y + 114. Let p(d) = d**3 - 2*d**2 + 2*d - 2. Calculate p(t).
2
Let u = -3152 - -3146. Let g(j) = -9*j - 22. Calculate g(u).
32
Let v be (-7125)/(-133) + 4/(-7). Suppose -v*j - 190 + 31 = 0. Let b(n) = n**2 - 2*n + 3. Give b(j).
18
Let q(k) be the third derivative of -3*k**4/8 + 77*k**3/2 - k**2 - 11152*k. Give q(24).
15
Let j(c) be the second derivative of -c**5/20 - c**4/4 + c**3/3 - c**2/2 - 35*c + 1. Let z be j(-4). Let u(o) = o**2 - 5*o + 9. Determine u(z).
23
Let u(d) = d - 1. Let w(g) = -4*g + 2. Let s(m) = 5*u(m) + w(m). Let z = 224 + -181. Suppose -25 = -z*j + 48*j. Determine s(j).
-8
Let v(o) = 131*o**2 + 8*o - 7. Let r(s) = -295*s**2 - 17*s + 16. Let c(n) = 4*r(n) + 9*v(n). Suppose f + 3*f = -12. What is c(f)?
-20
Let x(o) = -3 + 2 - 20*o**2 - 30*o**2. Let t = 63794 + -63793. Determine x(t).
-51
Let c(h) = -316 - h - 310 + 602. What is c(-15)?
-9
Let x(d) = -2*d - 12. Let f(k) = 1. Let u(s) = -20*f(s) - 2*x(s). Let r be (11 - 11) + 124/(-2). Let g = r - -57. What is u(g)?
-16
Let w(q) = -q**3 - 8*q**2 - 9*q - 3. Let o(k) = k**2 - 17*k + 66. Suppose 3*g + 2*b - 23 = 0, -2*g + 3*b = 2*b - 20. Let j be o(g). Give w(j).
-21
Suppose 4*f + 20*d - 21*d + 17 = 0, -2*f = -2*d + 4. Let v(j) be the second derivative of j**5/20 + j**4/4 - 7*j**3/6 + j**2/2 + 2*j. Give v(f).
-14
Let y = -687 + 682. Let i(u) = 22*u**2 - 26*u + 17. Let d(w) = -9*w**2 + 13*w - 8. Let c(j) = y*d(j) - 2*i(j). Determine c(12).
-6
Let t(x) = x**2 - x - 3. Suppose 5*k - 2*d - 100 = 3*d, -2*k = d - 25. Suppose -5*s = -5*v + k, -3*s + 0*v - 3*v = 9. What is t(s)?
9
Let p(b) = b - 4. Let h be p(2). Let l(y) = 1162*y - y**2 + 3*y**2 - 1161*y + 3 - 3*y**2 - 2. Determine l(h).
-5
Let g(p) = -p - 14. Let t(m) = 3. Let d(o) = -g(o) - 4*t(o). Let n(b) = -20*b**3 - b**2 + 3*b - 2. Let h be n(1). Let k be -10*5*(-4)/h. Calculate d(k).
-8
Let u(o) = -3*o - 88 - 19 - 91 + 